7740 a multiple of 155?
True
Does 84 divide 45360?
True
Is 82 a factor of 247383?
False
Is 138 a factor of 194442?
True
Is 52448 a multiple of 22?
True
Is 1707630 a multiple of 125?
False
Is 783483 a multiple of 13?
False
Is 55 a factor of 9441422?
False
Is 22 a factor of 12693714?
True
Is 96 a factor of 2446067?
False
Does 221 divide 83809?
False
Is 365085 a multiple of 5?
True
Is 349869 a multiple of 13?
True
Is 811244 a multiple of 49?
True
Is 36 a factor of 1422432?
True
Is 34 a factor of 6816300?
False
Is 17 a factor of 778345?
True
Is 78 a factor of 28773?
False
Is 11636 a multiple of 5?
False
Is 5 a factor of 1428181?
False
Is 74 a factor of 486676?
False
Does 42 divide 216019?
False
Is 52 a factor of 8112057?
False
Is 8 a factor of 7479810?
False
Is 11 a factor of 258212?
False
Does 239 divide 456012?
True
Is 2003943 a multiple of 51?
True
Does 69 divide 42004?
False
Does 6 divide 133826?
False
Does 7 divide 1190427?
True
Does 62 divide 1217426?
False
Does 423 divide 1047348?
True
Is 4251500 a multiple of 53?
False
Is 22 a factor of 27808?
True
Is 17 a factor of 8062352?
True
Is 757627 a multiple of 3?
False
Does 55 divide 37400?
True
Does 439 divide 6339599?
True
Is 23 a factor of 91906?
False
Does 6 divide 1086396?
True
Is 116 a factor of 38628?
True
Does 97 divide 958457?
True
Is 14 a factor of 357658?
True
Is 6 a factor of 4857252?
True
Is 8113 even?
False
Is 9 a factor of 149436?
True
Does 30 divide 26790?
True
Is 28 a factor of 8530768?
False
Is 46316 a multiple of 357?
False
Does 123 divide 357330?
False
Is 189857 a multiple of 344?
False
Is 733845 a multiple of 29?
True
Is 30 a factor of 11924994?
False
Does 631 divide 336954?
True
Is 542590 a multiple of 148?
False
Is 7846860 a multiple of 210?
True
Does 513 divide 9498195?
True
Does 96 divide 142752?
True
Does 5 divide 512650?
True
Is 77 a factor of 128821?
True
Is 157 a factor of 344356?
False
Is 2 a factor of 3255?
False
Does 123 divide 198239?
False
Is 454910 a multiple of 33?
False
Does 15 divide 206659?
False
Is 206739 a multiple of 9?
True
Is 5425900 a multiple of 44?
False
Does 724 divide 8527248?
False
Does 16 divide 1653472?
True
Is 17 a factor of 10378160?
True
Does 121 divide 1018094?
True
Does 38 divide 88831?
False
Does 4 divide 62364?
True
Does 947 divide 879346?
False
Is 197 a factor of 763572?
True
Is 73 a factor of 7692667?
True
Is 1392395 a multiple of 12?
False
Is 291 a factor of 90503?
False
Is 24348420 a multiple of 73?
True
Does 790 divide 764720?
True
Is 736559 a multiple of 37?
True
Does 202 divide 59186?
True
Is 794 a factor of 1300572?
True
Does 318 divide 6562905?
False
Does 47 divide 304157?
False
Is 16 a factor of 21101584?
True
Does 103 divide 232265?
True
Is 48 a factor of 1200000?
True
Does 34 divide 2630478?
True
Is 20895 a multiple of 5?
True
Is 12051612 a multiple of 129?
False
Is 1919 a multiple of 7?
False
Does 255 divide 10977887?
False
Does 57 divide 934287?
True
Is 19440 a multiple of 27?
True
Is 138 a factor of 470753?
False
Is 28 a factor of 356384?
True
Is 440 a factor of 772640?
True
Is 2 a factor of 4783?
False
Is 9790592 a multiple of 784?
True
Is 48 a factor of 21372891?
False
Is 31808 a multiple of 497?
True
Does 19 divide 48089?
True
Is 4 a factor of 84112?
True
Is 8 a factor of 68777?
False
Is 4187984 a multiple of 272?
True
Is 139 a factor of 78978?
False
Is 72 a factor of 29673?
False
Does 6 divide 155988?
True
Does 18 divide 23390?
False
Does 25 divide 1110600?
True
Does 14 divide 4682926?
False
Is 829374 a multiple of 31?
True
Does 175 divide 381398?
False
Is 298 a factor of 14162423?
False
Does 108 divide 2776277?
False
Does 251 divide 356587?
False
Does 823 divide 8230?
True
Does 239 divide 929268?
False
Is 29005 a multiple of 6?
False
Is 1958688 a multiple of 27?
True
Is 438746 a multiple of 11?
True
Does 34 divide 653242?
True
Does 28 divide 1061238?
False
Is 49345 a multiple of 139?
True
Is 1072 a factor of 588685?
False
Does 70 divide 14632590?
True
Is 270862 a multiple of 20?
False
Is 5810301 a multiple of 6?
False
Is 3062853 a multiple of 81?
True
Is 261092 a multiple of 87?
False
Is 50 a factor of 3042390?
False
Does 27 divide 1232332?
False
Is 57 a factor of 1290478?
False
Is 19 a factor of 338869?
False
Does 6 divide 130609?
False
Is 16 a factor of 448348?
False
Is 17616069 a multiple of 77?
False
Does 164 divide 4103444?
True
Is 2924542 a multiple of 409?
False
Is 32 a factor of 3440832?
True
Is 43 a factor of 19959?
False
Is 4202044 a multiple of 34?
False
Is 622991 a multiple of 509?
False
Does 3 divide 12951?
True
Is 3912000 a multiple of 504?
False
Does 124 divide 167013?
False
Is 3345983 a multiple of 953?
True
Is 305250 a multiple of 370?
True
Does 31 divide 244652?
True
Is 395 a factor of 158000?
True
Does 524 divide 133243?
False
Does 30 divide 122809?
False
Does 176 divide 4722784?
True
Does 474 divide 3951751?
False
Is 4685652 a multiple of 23?
True
Is 458 a factor of 175872?
True
Does 45 divide 3398383?
False
Does 1313 divide 7534410?
False
Is 565773 a multiple of 489?
True
Is 81 a factor of 965904?
False
Is 2063013 a multiple of 293?
True
Is 26 a factor of 57483?
False
Is 903665 a multiple of 7?
True
Does 168 divide 27997200?
True
Is 22 a factor of 675480?
False
Is 31 a factor of 119970?
True
Is 217 a factor of 527310?
True
Is 76 a factor of 95228?
True
Is 8 a factor of 2233819?
False
Is 305807 a multiple of 219?
False
Does 17 divide 2794494?
True
Is 19 a factor of 753275?
False
Is 363996 a multiple of 12?
True
Is 4144646 a multiple of 22?
True
Is 1014 a factor of 6567929?
False
Is 52752 a multiple of 30?
False
Does 12 divide 10068?
True
Is 2447361 a multiple of 487?
False
Does 20 divide 5330239?
False
Does 12 divide 7255278?
False
Is 542 a factor of 493888?
False
Is 40476 a multiple of 165?
False
Is 574613 a multiple of 153?
False
Is 1177512 a multiple of 63?
False
Is 48 a factor of 1050384?
True
Does 2320 divide 34578566?
False
Is 6453282 a multiple of 38?
False
Is 34 a factor of 23086?
True
Does 20 divide 76802?
False
Is 11 a factor of 156750?
True
Is 383 a factor of 296059?
True
Is 1612985 a multiple of 3?
False
Is 8463375 a multiple of 25?
True
Is 126 a factor of 19512808?
False
Does 60 divide 266062?
False
Is 11 a factor of 435017?
True
Does 52 divide 2970136?
True
Does 10 divide 1604824?
False
Does 40 divide 440731?
False
Is 153559 even?
False
Does 10 divide 34967?
False
Is 1674933 a multiple of 39?
True
Is 136 a factor of 238469?
False
Does 26 divide 95438?
False
Is 439926 a multiple of 43?
False
Is 382 a factor of 288028?
True
Does 15 divide 5670?
True
Is 4774932 a multiple of 36?
True
Does 30 divide 292200?
True
Does 16 divide 369768?
False
Is 2559904 a multiple of 1097?
False
Is 112 a factor of 431872?
True
Does 214 divide 59179?
False
Is 588 a factor of 43974?
False
Is 758534 a multiple of 18?
False
Is 1019 a factor of 2311092?
True
Is 561 a factor of 180081?
True
Does 151 divide 594247?
False
Does 382 divide 4292534?
True
Is 61 a factor of 83705?
False
Does 211 divide 145590?
True
Is 347 a factor of 10533488?
False
Is 4 a factor of 2151?
False
Is 6 a factor of 4764?
True
Is 11187624 a multiple of 42?
True
Does 20 divide 853326?
False
Is 15436642 a multiple of 59?
True
Does 12 divide 183072?
True
Is 192 a factor of 71808?
True
Is 25200 a multiple of 210?
True
Is 48 a factor of 99264?
True
Is 52 a factor of 200044?
True
Does 26 divide 88608?
True
Does 401 divide 1129537?
False
Is 69 a factor of 50081?
False
Is 2035841 a multiple of 13?
False
Is 18 a factor of 1488006?
True
Is 20 a factor of 215400?
True
Is 39 a factor of 858897?
True
Is 26248346 a multiple of 13?
False
Does 36 divide 4919?
False
Is 1844181 a multiple of 36?
False
Is 2768730 a multiple of 10?
True
Is 59 a factor of 310163?
True
Is 19792 even?
True
Is 367 a factor of 7287084?
False
Does 296 divide 6478256?
True
Does 8 divide 1761134?
False
Does 571 divide 1255629?
True
Is 10682448 a multiple of 1493?
False
Is 96 a factor of 5385136?
False
Is 8072 a multiple of 10?
False
Is 207 a factor of 12830481?
True
Does 276 divide 128892?
True
Is 26353 a multiple of 44?
False
Does 12 divide 324854?
False
Is 16 a factor of 286848?
True
Is 11407255 a multiple of 215?
True
Does 21 divide 107205?
True
Does 23 divide 541373?
False
Is 2